194490?
1
What is the ten thousands digit of 477251?
7
What is the ten millions digit of 20850800?
2
What is the thousands digit of 1300401?
0
What is the units digit of 148846?
6
What is the tens digit of 572016?
1
What is the thousands digit of 3582885?
2
What is the hundred thousands digit of 3020243?
0
What is the millions digit of 17590573?
7
What is the units digit of 6100393?
3
What is the hundreds digit of 10310?
3
What is the hundreds digit of 8508129?
1
What is the thousands digit of 3126331?
6
What is the thousands digit of 150715?
0
What is the hundred thousands digit of 3881280?
8
What is the ten thousands digit of 2960604?
6
What is the units digit of 1862326?
6
What is the units digit of 7226162?
2
What is the units digit of 162899?
9
What is the hundred thousands digit of 524233?
5
What is the ten millions digit of 11937781?
1
What is the units digit of 10238083?
3
What is the units digit of 2828631?
1
What is the ten thousands digit of 2702612?
0
What is the tens digit of 18925173?
7
What is the thousands digit of 742352?
2
What is the units digit of 678404?
4
What is the hundred thousands digit of 5607384?
6
What is the ten thousands digit of 626171?
2
What is the hundred thousands digit of 1768528?
7
What is the millions digit of 35301266?
5
What is the ten thousands digit of 608669?
0
What is the hundreds digit of 2096600?
6
What is the units digit of 3483795?
5
What is the tens digit of 1665302?
0
What is the thousands digit of 1989281?
9
What is the units digit of 97998?
8
What is the ten millions digit of 18864024?
1
What is the millions digit of 2886489?
2
What is the millions digit of 3165473?
3
What is the ten thousands digit of 260076?
6
What is the hundred thousands digit of 109272?
1
What is the units digit of 2687560?
0
What is the ten thousands digit of 124004?
2
What is the tens digit of 236952?
5
What is the millions digit of 5371181?
5
What is the thousands digit of 55256?
5
What is the ten thousands digit of 80670?
8
What is the tens digit of 3860676?
7
What is the thousands digit of 23808720?
8
What is the thousands digit of 156875?
6
What is the hundreds digit of 25463355?
3
What is the hundred thousands digit of 232462?
2
What is the hundreds digit of 338433?
4
What is the ten thousands digit of 135599?
3
What is the thousands digit of 4173807?
3
What is the hundreds digit of 1710827?
8
What is the hundred thousands digit of 1198901?
1
What is the tens digit of 1665558?
5
What is the tens digit of 3100808?
0
What is the thousands digit of 1050850?
0
What is the tens digit of 653003?
0
What is the ten millions digit of 18976968?
1
What is the ten thousands digit of 21086824?
8
What is the hundreds digit of 26711102?
1
What is the units digit of 15662632?
2
What is the ten thousands digit of 171626?
7
What is the hundreds digit of 678598?
5
What is the millions digit of 1404457?
1
What is the ten thousands digit of 815496?
1
What is the thousands digit of 263201?
3
What is the hundreds digit of 10119464?
4
What is the hundred thousands digit of 322271?
3
What is the hundreds digit of 2183218?
2
What is the thousands digit of 2452605?
2
What is the tens digit of 235630?
3
What is the hundred thousands digit of 666404?
6
What is the thousands digit of 1130819?
0
What is the tens digit of 218548?
4
What is the hundreds digit of 740098?
0
What is the ten thousands digit of 4302066?
0
What is the ten millions digit of 37294050?
3
What is the units digit of 392288?
8
What is the units digit of 383639?
9
What is the ten thousands digit of 379183?
7
What is the thousands digit of 6483876?
3
What is the units digit of 331440?
0
What is the units digit of 9032838?
8
What is the hundreds digit of 311706?
7
What is the ten thousands digit of 3989742?
8
What is the millions digit of 2278940?
2
What is the tens digit of 2104008?
0
What is the hundred thousands digit of 14013124?
0
What is the units digit of 568315?
5
What is the hundred thousands digit of 299880?
2
What is the hundred thousands digit of 32026283?
0
What is the tens digit of 623825?
2
What is the tens digit of 1615298?
9
What is the units digit of 1693758?
8
What is the thousands digit of 6297463?
7
What is the hundreds digit of 316290?
2
What is the millions digit of 4287689?
4
What is the tens digit of 8191543?
4
What is the thousands digit of 8528962?
8
What is the tens digit of 186153?
5
What is the tens digit of 33531?
3
What is the units digit of 3200069?
9
What is the hundreds digit of 8158653?
6
What is the units digit of 10158068?
8
What is the thousands digit of 113439?
3
What is the hundred thousands digit of 10033681?
0
What is the millions digit of 1040577?
1
What is the millions digit of 4177505?
4
What is the hundred thousands digit of 316052?
3
What is the units digit of 12409137?
7
What is the hundreds digit of 888691?
6
What is the ten thousands digit of 363688?
6
What is the hundred thousands digit of 2307593?
3
What is the thousands digit of 782551?
2
What is the hundreds digit of 463848?
8
What is the thousands digit of 49592?
9
What is the tens digit of 3980247?
4
What is the hundreds digit of 324659?
6
What is the tens digit of 265158?
5
What is the ten thousands digit of 634189?
3
What is the hundreds digit of 857103?
1
What is the hundred thousands digit of 5406289?
4
What is the hundred thousands digit of 4623094?
6
What is the hundreds digit of 12358962?
9
What is the ten thousands digit of 10464128?
6
What is the hundreds digit of 1619612?
6
What is the units digit of 19483?
3
What is the millions digit of 3453628?
3
What is the thousands digit of 3087604?
7
What is the units digit of 286001?
1
What is the thousands digit of 1987814?
7
What is the thousands digit of 17356443?
6
What is the ten thousands digit of 259812?
5
What is the thousands digit of 20671410?
1
What is the tens digit of 794551?
5
What is the ten thousands digit of 446460?
4
What is the millions digit of 1913555?
1
What is the units digit of 1147718?
8
What is the hundreds digit of 4238400?
4
What is the tens digit of 1645237?
3
What is the ten thousands digit of 89966?
8
What is the ten thousands digit of 748638?
4
What is the hundreds digit of 4364?
3
What is the units digit of 33351?
1
What is the hundreds digit of 3430396?
3
What is the ten thousands digit of 7301317?
0
What is the millions digit of 2532784?
2
What is the hundreds digit of 15339368?
3
What is the tens digit of 9134394?
9
What is the ten thousands digit of 365398?
6
What is the ten thousands digit of 5810372?
1
What is the hundreds digit of 871960?
9
What is the ten thousands digit of 1452045?
5
What is the thousands digit of 54348?
4
What is the ten thousands digit of 3003534?
0
What is the ten thousands digit of 3425604?
2
What is the ten thousands digit of 45060?
4
What is the tens digit of 1616989?
8
What is the hundreds digit of 4822983?
9
What is the units digit of 97985?
5
What is the units digit of 2453612?
2
What is the ten thousands digit of 197789?
9
What is the ten thousands digit of 28518?
2
What is the thousands digit of 1284472?
4
What is the thousands digit of 1879648?
9
What is the hundreds digit of 1880991?
9
What is the hundred thousands digit of 11549743?
5
What is the tens digit of 450061?
6
What is the thousands digit of 10400139?
0
What is the tens digit of 149635?
3
What is the hundreds digit of 97953?
9
What is the tens digit of 287660?
6
What is the tens digit of 234454?
5
What is the tens digit of 169991?
9
What is the ten thousands digit of 1388171?
8
What is the ten thousands digit of 3683203?
8
What is the thousands digit of 1609104?
9
What is the millions digit of 13341637?
3
What is the thousands digit of 970838?
0
What is the hundreds digit of 76724?
7
What is the millions digit of 7288081?
7
What is the units digit of 258430?
0
What is the ten millions digit of 32204144?
3
What is the hundred thousands digit of 199339?
1
What is the ten thousands digit of 766180?
6
What is the hundred thousands digit of 11648406?
6
What is the hundred thousands digit of 405263?
4
What is the units digit of 8405504?
4
What is the thousands digit of 895809?
5
What is the hundreds digit of 691678?
6
What is the units digit of 6076053?
3
What is the hundred thousands digit